alue of 6 + (2 - 5) + -9?
-6
What is the value of -2 + -3 + -2 + 1 - -1?
-5
7 + 2 + -4 + 0
5
Calculate 0 + 0 + 2 + -3 + 2.
1
What is the value of -3 - (3 + 2) - -4?
-4
Calculate -9 + 8 - (6 + -4 - 2).
-1
-2 + (9 - 2) + (8 - 6)
7
What is the value of (-9 - -15) + (-1 - 1)?
4
What is 7 - (9 - (4 - -4))?
6
-11 - (9 - (20 + -2))
-2
-4 + 8 + 1 - 5
0
What is the value of 3 - (3 + -4) - 5?
-1
What is -10 + 3 + (1 + 11 - 6)?
-1
What is the value of 7 - (3 + 0 + 1)?
3
What is the value of -8 + (1 + (13 - 6) - 4)?
-4
9 + -4 + 0 - 1
4
What is the value of -2 + 0 + (-19 - -23)?
2
What is the value of -2 + 1 + 4 + -2 + 2?
3
What is (-1 - 3) + (6 - -2)?
4
What is the value of -6 - (-22 - (-3 - 7))?
6
Evaluate (11 - 10) + -2 + 1.
0
11 - (2 + (4 - (-1 + 5)))
9
What is the value of -2 + -6 + (-7 - -14)?
-1
2 + (10 - 1) - (-19 + 23)
7
What is the value of 2 + 0 + -3 + 4?
3
Calculate 0 - -5 - (-30 + 32).
3
1 - ((-2 - -2) + -9 + 6)
4
(-7 - (1 - -1 - 14)) + 1
6
35 + -28 - (6 + -1)
2
What is 2 - 7 - (-19 + 13)?
1
What is the value of (-7 + 12 - (1 - -5)) + 6?
5
(0 - 11) + (1 - -5)
-5
What is 30 + -28 - (-1 - -7)?
-4
What is 7 - (-4 - (-25 - -5))?
-9
Evaluate -2 + 1 + (-4 - -6).
1
What is the value of (1 + -2 - (-6 - 2)) + -4?
3
What is the value of -2 + (3 - -1 - 4)?
-2
Calculate (-1 - -7) + -7 + 4 + -1.
2
What is 2 + (17 - 15) - (-1 + 10)?
-5
What is the value of 1 - 6 - (-10 + 6)?
-1
Evaluate 26 + -25 + 8 + 0 + -6.
3
What is 4 + -1 + -4 + 3 + 0?
2
Evaluate -2 + -3 - (-27 + 17).
5
Evaluate 0 + 5 + -10 - -6.
1
What is 48 + -38 + (-14 - -1)?
-3
What is (7 - 1) + (6 - (12 - 4))?
4
What is the value of -3 + (4 - -2) + -6?
-3
(-3 - -3) + (-6 - -1)
-5
-4 - (2 + 3 + (-1 - 4))
-4
(-23 - -22) + 3 + 2
4
Calculate -7 + 3 + 0 + -1.
-5
Calculate -13 - -13 - (-1 + 2 + 4).
-5
Evaluate -2 + (3 - (-1 + 5)).
-3
(2 - 5) + 7 + -4 - 8
-8
What is -4 + 2 + (-2 - -1 - 1)?
-4
What is 2 + (-1 - -1) + -2?
0
What is -9 + 7 + -5 - -8?
1
What is 1 + 1 - 3 - 2?
-3
What is the value of 1 - (-1 + -2) - 5?
-1
Calculate 2 + (8 - (4 - -8) - -1).
-1
What is (22 - 16) + -2 + -1 + -4?
-1
What is 7 + -6 + 2 - (0 - -8)?
-5
Evaluate -5 + 3 + 1 + 1 - -3.
3
Evaluate 2 - (6 - -1 - (10 - 5)).
0
What is the value of -11 - (-9 - (-12 - -5))?
-9
Calculate (0 - -2) + (-9 - -6).
-1
What is 5 + 14 + -8 - 3?
8
-10 + 8 + (1 - 6) + 12
5
-3 + -8 + 4 - -5
-2
Calculate 1 + 1 + -5 + 4.
1
Evaluate 7 + -3 + 5 + -4.
5
5 + -6 + (8 - 1 - 10)
-4
What is the value of 1 + -2 + (-27 - -23) - -4?
-1
Evaluate -1 - 3 - (0 + -3).
-1
Calculate -5 - (0 - 1 - -6 - 14).
4
Evaluate 2 + (-2 - -2) - 3.
-1
Evaluate (9 - ((9 - 4) + -2)) + -1.
5
Calculate -41 - -38 - (-6 - -1).
2
-2 + (1 - -4) + (-1 - 0)
2
What is -4 + (2 - -1) + 4 - 1?
2
Calculate -16 + (0 - -12) + 5 + 0.
1
Calculate -5 + 1 + (-10 - -17).
3
What is the value of -1 + (5 - (2 - 6))?
8
Evaluate -7 + (8 - 12) + 7 + 1.
-3
Calculate -1 - -1 - ((10 - 0) + -17).
7
Calculate (36 - 22) + -2 + -6.
6
-2 + (11 - 5 - 5) + 4
3
What is -2 + 5 + -4 + 3?
2
What is the value of -4 + 4 - 1 - 3?
-4
Calculate -1 + -5 - (3 + -8 - -4).
-5
What is the value of 0 + (-7 - -3 - (0 - 3))?
-1
Evaluate -2 + (8 - 3) + 3.
6
2 + (-11 - (1 + -14))
4
Evaluate 2 - 0 - (-4 - (6 - 9)).
3
Evaluate -4 - (-3 - 1) - (23 - 16).
-7
-50 + 45 - (2 + 0)
-7
What is 45 - 47 - (0 - -3)?
-5
What is the value of 4 - -2 - (-2 - -14)?
-6
Evaluate (6 - -6) + -1 + -6 + 0.
5
Calculate (-10 - -2) + (7 - (0 + 3)).
-4
Evaluate 3 + (-13 - (-5 + 0)).
-5
What is -4 + 2 + (-8 - -16)?
6
3 + 2 + (19 - 26)
-2
What is the value of -3 + 4 - 1 - (5 + -2)?
-3
What is the value of -2 + -4 + 2 - (-3 - 3)?
2
Evaluate 5 - 3 - 3 - (-4 - 0).
3
Evaluate (7 - (8 - 3)) + -3.
-1
5 + -3 + (-5 - (-4 + 2))
-1
What is 1 + (2 - -2) + 7 + -10?
2
-6 + (6 - (6 + 2)) + 5
-3
-4 + 2 - (-17 - -21)
-6
What is 4 - (1 - 3 - -6)?
0
0 - (4 + -3) - (-11 - -4)
6
What is the value of 5 + -3 + -5 + (2 - 8)?
-9
3 + 8 + 4 + (8 - 15)
8
Evaluate -4 + -6 + -1 + -2 + 7.
-6
Calculate 4 + 1 + (-3 - -3 - 5).
0
Calculate (3 - -1) + 26 + -26 - 4.
0
-6 + (4 - -1 - 7 - -8)
0
What is (-6 - -20) + 0 + -6?
8
(-2 - -1) + (-34 - -32)
-3
What is the value of -3 - ((2 - 4) + 1)?
-2
What is the value of -8 - -2 - (-6 + -4 + -2)?
6
Evaluate 2 - (19 + -13 - (5 + -3)).
-2
What is 0 - 4 - (5 + -7)?
-2
Evaluate 6 + -4 + (3 - (2 + 4)).
-1
What is the value of 4 + -10 - -1 - -8 - 4?
-1
What is the value of 0 + -1 + -14 + 12?
-3
Calculate -2 + 3 + -2 + -2.
-3
Evaluate -10 + (7 - (-2 - -5)) - -12.
6
What is 4 + (-2 - 3 - -6)?
5
-3 + -2 + 13 - -1
9
7 - 14 - (15 - 15)
-7
What is 10 + -7 - (1 + -2)?
4
Evaluate -8 - (2 + -11 - -6).
-5
What is 3 + (13 - 21 - (1 + -15))?
9
What is 2 + (-2 - -8) + -5?
3
Evaluate (-6 - (-5 - (-6 - 2))) + 4.
-5
Evaluate -1 + (4 - (7 + -4)).
0
What is 10 + -10 + 2 - 6?
-4
Evaluate (3 - -4 - 4) + 3 - 4.
2
(4 - 2 - -2) + -11 + 4
-3
What is the value of 2 + -1 + 3 + (-3 - 0)?
1
Calculate (6 - (4 - 1)) + 2 + 0.
5
Calculate 2 - -1 - (-2 - -6).
-1
-8 - (1 - (8 - -2))
1
What is the value of 11 + 5 + -11 + -14?
-9
What is (-21 - -21) + (1 - 0)?
1
What is the value of -12 - (-2 + 0) - -8?
-2
What is -2 - (13 + -5 + -5)?
-5
Evaluate (-1 - -5) + 1 + 2 + -6.
1
Evaluate (-6 - -7) + -12 + 7 + 7.
3
What is the value of 9 - -1 - (26 - 21)?
5
What is the value of (4 - 6 - -3) + 0 + -2?
-1
-6 - (3 + -13 - -6)
-2
Evaluate 6 + 0 + -4 + 3.
5
What is the value of 7 + -8 + 3 + 1 + 2?
5
What is 3 - (-7 - -15 - 5)?
0
What is 11 + -5 + -8 + -2 + -1?
-5
(3 - 4) + -23 + 19
-5
What is the value of (4 - 0) + -13 + 4 + 5?
0
Calculate -3 + 6 + 1 - (-5 + 8).
1
What is the value of -6 + -3 + -1 + 2 + 4?
-4
What is (0 - -1) + -3 - (31 - 36)?
3
Evaluate 12 + -5 - (-5 - (-8 + 2)).
6
What is the value of 1 + -9 + 8 + -2?
-2
What is the value of -2 - (-6 + 8 - 6) - 4?
-2
What is -12 + -3 + 4 + 5?
-6
Calculate -5 + 0 + (-1 - -5).
-1
Evaluate 12 + -12 - (-1 - 4).
5
Evaluate 4 - ((5 - (-7 + 4)) + 1).
-5
Calculate -1 - -3 - (-4 + 22 + -13).
-3
-3 - (1 + -4 + -2)
2
What is 2 - (2 - (-4 + 3))?
-1
Evaluate 5 - (4 - (-5 - 1)).
-5
What is the value of 10 - (-1 + 3 + 4)?
4
What is the value of (0 - -2 - -2) + -9?
-5
Evaluate -2 + -3 + -1 + 6.
0
-11 + 0 + 3 - -4 - -10
6
Evaluate (-1 - 6) + (3 - 0).
-4
3 - (9 + (-2 - -1 - 0))
-5
-2 + (-2 - -5) + -8 + 3
-4
5 + (1 + 0 - (-13 + 18))
1
Calculate 6 - 7 - (-8 - -1).
6
Calculate -3 + (2 - 1 - (15 - 14)).
-3
-5 + 3 - 2 - 0 - -1
-3
What is (-6 + 1 - (8 + 3)) + 9?
-7
Calculate ((-6 - -3) + 2 - -2) + 6.
7
Calculate 8 - (-1 + -5 - (4 + -12)).
6
Calculate (6 - 0) + (-2 - (8 - 9)).
5
Evaluate 7 - ((-3 - -12) + -9).
7
Evaluate -2 + (1 - -1 - -2).
2
What is 0 + 1 + -6 - (-4 + 4)?
-5
What is the value of 4 - (17 + (-2 - 7))?
-4
Evaluate -2 - (4 - (6 - 0)).
0
Calculate 1 + -1 - (3 + 0).
-3
What is the value of 1 - (-1 + (-2 - -1) + 5)?
-2
Calculate 4 - (2 - (2 - -4) - 0).
8
-1 + 2 + (3 + -6 - 1)
-3
(2 - 3) + -2 - (20 + -17)
-6
-5 + 6 + -8 + 14
7
What is the value of -1 + 10 - (6 - -4)?
-1
Calculate 0 + 2 + -2 + -3 + -2.
-5
6 + (-3 - (3 + -2))
2
Calculate 3 + -3 + 2 - 8.
-6
What is -7 + (10 - (-3 + 14))?
-8
Evaluate -4 - (-1 - 8) - (-1 - -2).
4
Evaluate -1 - 0 - (4 - -8 - 11).
-2
Evaluate 13 + -7 - (0 - (0 + 1)).
7
What is the value of (20 - 9) + -7 - (0 - 0)?
4
0 + (-9 - (7 + -9)) + 13
6
What is -3 + 7 - (-6 + 0 + 3)?
7
Calculate (3 - (0 + 0)) + 0 - 4.
-1
What is -1 - (-10 + 3) - 6?
0
Calculate -3 - (16 + -8 + -4).
-7
-7 + -8 + 12 - 3
-6
Evaluate -7 + 0 + -1 + 3 + -5.
-10
Evaluate 11 + -15 + (7 - 2 - -2).
3
Evaluate (5 - 21 - (-4 + 0)) + 6.
-6
What is -10 - (10 + -21 + -7)?
8
Calculate 2 + -3 + 1 + 3.
3
Calculate -2 + (1 - (-4 - (-4 - 1))).
-2
1 - 1 - (1 - 5 - -6)
-2
What is the value of -8 - (3 - (1 - (5 + -12)))?
-3
Evaluate 1 + -4 - -2 - (6 + -4).
-3
Calculate 0 - (3 - 4) - 2.
-1
(-7 - -12) + (-6 - 3)
-4
Calculate -3 + 1 - (25 + -26).
-1
Evaluate (6 - 0) + -7 - -7.
6
What is (4 - 1) + 13 + -18?
-2
Calculate (-1 - -6) + 137 + -137.
5
Calculate -1 + -2 - (-1 - -6 - 8).
0
(-2 - 0) + 4 - (-15 + 12)
5
What is -5 + 0 + 10 - (2 - 2)?
5
What is the value of -3 + (-4 - (-1 + 0)) + 5?
-1
Calculate 12 + -8 - (-1 + 7 + -2).
0
-2 + -2 + -2 + 3 + -4
-7
What is the value of (-50 - -45) + 1 + -2?
-6
What is the value of -4 - (1 + -4 - (5 + -3))?
1
Evaluate -9 - (-3 + (-2 - 6)).
2
Evaluate (-25 - -35) + 0 + 1.